{"id":8588,"date":"2025-08-11T12:46:18","date_gmt":"2025-08-11T09:46:18","guid":{"rendered":"https:\/\/ccifturkiye.org\/s-s-s\/"},"modified":"2025-09-03T12:04:17","modified_gmt":"2025-09-03T09:04:17","slug":"f-a-q","status":"publish","type":"page","link":"https:\/\/ccifturkiye.org\/fr\/f-a-q\/","title":{"rendered":"F.A.Q."},"content":{"rendered":"<section class=\"l-section wpb_row height_custom color_primary\"><div class=\"l-section-h i-cf\"><div class=\"g-cols vc_row via_grid cols_1 laptops-cols_inherit tablets-cols_inherit mobiles-cols_1 valign_top type_default stacking_default\"><div class=\"wpb_column vc_column_container\"><div class=\"vc_column-inner\"><div class=\"w-tabs style_default switch_click accordion type_togglable has_scrolling remove_indents\" style=\"--sections-title-size:18px\"><div class=\"w-tabs-sections titles-align_none icon_chevron cpos_right\"><div class=\"w-tabs-section\" id=\"p162\" itemscope itemprop=\"mainEntity\" itemtype=\"https:\/\/schema.org\/Question\"><button class=\"w-tabs-section-header with_icon\" aria-controls=\"content-p162\" aria-expanded=\"false\"><i class=\"fal fa-question-circle\"><\/i><div class=\"w-tabs-section-title\" itemprop=\"name\">Qu&rsquo;est-ce que le Forum diplomatique des expressions culturelles et des industries cr\u00e9atives (CCIF)?<\/div><div class=\"w-tabs-section-control\"><\/div><\/button><div  class=\"w-tabs-section-content\" id=\"content-p162\" itemscope itemprop=\"acceptedAnswer\" itemtype=\"https:\/\/schema.org\/Answer\"><div class=\"w-tabs-section-content-h i-cf\" itemprop=\"text\"><div class=\"wpb_text_column\"><div class=\"wpb_wrapper\"><p>Le CCIF est une plateforme de dialogue strat\u00e9gique et de collaboration qui r\u00e9unit l&rsquo;\u00e9cosyst\u00e8me des industries cr\u00e9atives (art, design, mode, cin\u00e9ma, jeux num\u00e9riques, etc.) avec des repr\u00e9sentants de missions diplomatiques internationales et des leaders du monde des affaires.<\/p>\n<\/div><\/div><\/div><\/div><\/div><div class=\"w-tabs-section\" id=\"faq2\" itemscope itemprop=\"mainEntity\" itemtype=\"https:\/\/schema.org\/Question\"><button class=\"w-tabs-section-header with_icon\" aria-controls=\"content-faq2\" aria-expanded=\"false\"><i class=\"fal fa-question-circle\"><\/i><div class=\"w-tabs-section-title\" itemprop=\"name\">Est-ce un \u00e9v\u00e9nement ponctuel?<\/div><div class=\"w-tabs-section-control\"><\/div><\/button><div  class=\"w-tabs-section-content\" id=\"content-faq2\" itemscope itemprop=\"acceptedAnswer\" itemtype=\"https:\/\/schema.org\/Answer\"><div class=\"w-tabs-section-content-h i-cf\" itemprop=\"text\"><div class=\"wpb_text_column\"><div class=\"wpb_wrapper\"><p>Non, le CCIF a \u00e9t\u00e9 con\u00e7u comme une plateforme durable qui se tiendra chaque ann\u00e9e. Chaque rencontre annuelle sera un maillon qui concr\u00e9tisera cette vision.<\/p>\n<\/div><\/div><\/div><\/div><\/div><div class=\"w-tabs-section\" id=\"faq3\" itemscope itemprop=\"mainEntity\" itemtype=\"https:\/\/schema.org\/Question\"><button class=\"w-tabs-section-header with_icon\" aria-controls=\"content-faq3\" aria-expanded=\"false\"><i class=\"fal fa-question-circle\"><\/i><div class=\"w-tabs-section-title\" itemprop=\"name\">Quel sera exactement le format de l&rsquo;\u00e9v\u00e9nement au Forum?<\/div><div class=\"w-tabs-section-control\"><\/div><\/button><div  class=\"w-tabs-section-content\" id=\"content-faq3\" itemscope itemprop=\"acceptedAnswer\" itemtype=\"https:\/\/schema.org\/Answer\"><div class=\"w-tabs-section-content-h i-cf\" itemprop=\"text\"><div class=\"wpb_text_column\"><div class=\"wpb_wrapper\"><p>Le CCIF se distingue des formats de conf\u00e9rence classiques. Il combine des \u00e9v\u00e9nements de r\u00e9seautage, un cocktail exclusif avec des rencontres B2G et B2B, et des exp\u00e9riences culturelles interactives et immersives qui inspirent les participants. Les panels de haut niveau et les s\u00e9ances de r\u00e9seautage strat\u00e9gique sont accompagn\u00e9s d&rsquo;\u00e9v\u00e9nements tels que des d\u00e9fil\u00e9s de mode innovants o\u00f9 les cr\u00e9ations sont expos\u00e9es parmi les spectateurs, des performances en direct et des installations artistiques.<\/p>\n<\/div><\/div><\/div><\/div><\/div><div class=\"w-tabs-section\" id=\"faq4\" itemscope itemprop=\"mainEntity\" itemtype=\"https:\/\/schema.org\/Question\"><button class=\"w-tabs-section-header with_icon\" aria-controls=\"content-faq4\" aria-expanded=\"false\"><i class=\"fal fa-question-circle\"><\/i><div class=\"w-tabs-section-title\" itemprop=\"name\">Comment puis-je participer au Forum?<\/div><div class=\"w-tabs-section-control\"><\/div><\/button><div  class=\"w-tabs-section-content\" id=\"content-faq4\" itemscope itemprop=\"acceptedAnswer\" itemtype=\"https:\/\/schema.org\/Answer\"><div class=\"w-tabs-section-content-h i-cf\" itemprop=\"text\"><div class=\"wpb_text_column\"><div class=\"wpb_wrapper\"><p>La participation se fait sur invitation afin de pr\u00e9server l&rsquo;orientation strat\u00e9gique cibl\u00e9e et l&rsquo;environnement de dialogue intime du Forum.<\/p>\n<\/div><\/div><\/div><\/div><\/div><div class=\"w-tabs-section\" id=\"faq5\" itemscope itemprop=\"mainEntity\" itemtype=\"https:\/\/schema.org\/Question\"><button class=\"w-tabs-section-header with_icon\" aria-controls=\"content-faq5\" aria-expanded=\"false\"><i class=\"fal fa-question-circle\"><\/i><div class=\"w-tabs-section-title\" itemprop=\"name\">Je ne suis pas invit\u00e9, mais je souhaite participer au Forum. Que dois-je faire?<\/div><div class=\"w-tabs-section-control\"><\/div><\/button><div  class=\"w-tabs-section-content\" id=\"content-faq5\" itemscope itemprop=\"acceptedAnswer\" itemtype=\"https:\/\/schema.org\/Answer\"><div class=\"w-tabs-section-content-h i-cf\" itemprop=\"text\"><div class=\"wpb_text_column\"><div class=\"wpb_wrapper\"><p>Nous invitons les professionnels de la culture, les repr\u00e9sentants d&rsquo;institutions et les entrepreneurs qui ont des projets en accord avec la mission du Forum et qui souhaitent y participer, \u00e0 nous contacter via notre page de contact.<\/p>\n<\/div><\/div><\/div><\/div><\/div><div class=\"w-tabs-section\" id=\"faq6\" itemscope itemprop=\"mainEntity\" itemtype=\"https:\/\/schema.org\/Question\"><button class=\"w-tabs-section-header with_icon\" aria-controls=\"content-faq6\" aria-expanded=\"false\"><i class=\"fal fa-question-circle\"><\/i><div class=\"w-tabs-section-title\" itemprop=\"name\">Puis-je sponsoriser le Forum avec mon institution?<\/div><div class=\"w-tabs-section-control\"><\/div><\/button><div  class=\"w-tabs-section-content\" id=\"content-faq6\" itemscope itemprop=\"acceptedAnswer\" itemtype=\"https:\/\/schema.org\/Answer\"><div class=\"w-tabs-section-content-h i-cf\" itemprop=\"text\"><div class=\"wpb_text_column\"><div class=\"wpb_wrapper\"><p>Nous serions ravis de collaborer avec les institutions qui partagent la vision du Forum. Notre programme de parrainage officiel et ses conditions seront annonc\u00e9s publiquement au d\u00e9but de l&rsquo;ann\u00e9e 2026. Vous pouvez nous contacter pour des discussions pr\u00e9liminaires.<\/p>\n<\/div><\/div><\/div><\/div><\/div><div class=\"w-tabs-section\" id=\"faq7\" itemscope itemprop=\"mainEntity\" itemtype=\"https:\/\/schema.org\/Question\"><button class=\"w-tabs-section-header with_icon\" aria-controls=\"content-faq7\" aria-expanded=\"false\"><i class=\"fal fa-question-circle\"><\/i><div class=\"w-tabs-section-title\" itemprop=\"name\">En tant que professionnel du secteur cr\u00e9atif (artiste, designer, entrepreneur), qu&rsquo;est-ce que ma participation au Forum m&rsquo;apporte?<\/div><div class=\"w-tabs-section-control\"><\/div><\/button><div  class=\"w-tabs-section-content\" id=\"content-faq7\" itemscope itemprop=\"acceptedAnswer\" itemtype=\"https:\/\/schema.org\/Answer\"><div class=\"w-tabs-section-content-h i-cf\" itemprop=\"text\"><div class=\"wpb_text_column\"><div class=\"wpb_wrapper\"><p>Le Forum vous offre un acc\u00e8s direct aux repr\u00e9sentants des missions diplomatiques et aux leaders du monde des affaires internationaux, qui sont normalement difficiles \u00e0 atteindre, des opportunit\u00e9s de march\u00e9 strat\u00e9giques pour exporter vos produits et services vers les march\u00e9s mondiaux, et la possibilit\u00e9 de gagner en prestige et en visibilit\u00e9 en pr\u00e9sentant vos \u0153uvres sur une sc\u00e8ne de haut niveau.<\/p>\n<\/div><\/div><\/div><\/div><\/div><div class=\"w-tabs-section\" id=\"faq8\" itemscope itemprop=\"mainEntity\" itemtype=\"https:\/\/schema.org\/Question\"><button class=\"w-tabs-section-header with_icon\" aria-controls=\"content-faq8\" aria-expanded=\"false\"><i class=\"fal fa-question-circle\"><\/i><div class=\"w-tabs-section-title\" itemprop=\"name\">En tant que repr\u00e9sentant d&rsquo;une mission diplomatique, pourquoi devrais-je y participer?<\/div><div class=\"w-tabs-section-control\"><\/div><\/button><div  class=\"w-tabs-section-content\" id=\"content-faq8\" itemscope itemprop=\"acceptedAnswer\" itemtype=\"https:\/\/schema.org\/Answer\"><div class=\"w-tabs-section-content-h i-cf\" itemprop=\"text\"><div class=\"wpb_text_column\"><div class=\"wpb_wrapper\"><p>Le Forum vous permet de d\u00e9couvrir en personne l&rsquo;\u00e9conomie cr\u00e9ative dynamique de la Turquie, de trouver des partenaires potentiels pour des projets de collaboration culturelle entre votre pays et la Turquie, et d&rsquo;identifier de nouvelles opportunit\u00e9s commerciales pour les investisseurs de votre pays. C&rsquo;est une plateforme unique pour renforcer votre r\u00e9seau de diplomatie culturelle.<\/p>\n<\/div><\/div><\/div><\/div><\/div><div class=\"w-tabs-section\" id=\"faq9\" itemscope itemprop=\"mainEntity\" itemtype=\"https:\/\/schema.org\/Question\"><button class=\"w-tabs-section-header with_icon\" aria-controls=\"content-faq9\" aria-expanded=\"false\"><i class=\"fal fa-question-circle\"><\/i><div class=\"w-tabs-section-title\" itemprop=\"name\">Quelle est l&rsquo;importance strat\u00e9gique du Forum en tant que repr\u00e9sentant d&rsquo;une institution publique?<\/div><div class=\"w-tabs-section-control\"><\/div><\/button><div  class=\"w-tabs-section-content\" id=\"content-faq9\" itemscope itemprop=\"acceptedAnswer\" itemtype=\"https:\/\/schema.org\/Answer\"><div class=\"w-tabs-section-content-h i-cf\" itemprop=\"text\"><div class=\"wpb_text_column\"><div class=\"wpb_wrapper\"><p>Le Forum sert directement les objectifs nationaux de la Turquie, tels que l&rsquo;augmentation des exportations culturelles, le renforcement de sa promotion internationale et l&rsquo;accroissement de sa capacit\u00e9 de \u00ab\u00a0soft power\u00a0\u00bb. De plus, il d\u00e9montre par une action concr\u00e8te l&rsquo;importance que la Turquie accorde \u00e0 la diversit\u00e9 culturelle, conform\u00e9ment aux principes de la Convention de l&rsquo;UNESCO de 2005.<\/p>\n<\/div><\/div><\/div><\/div><\/div><\/div><\/div><\/div><\/div><\/div><\/div><\/section>\n","protected":false},"excerpt":{"rendered":"Qu&rsquo;est-ce que le Forum diplomatique des expressions culturelles et des industries cr\u00e9atives (CCIF)?Le CCIF est une plateforme de dialogue strat\u00e9gique et de collaboration qui r\u00e9unit l&rsquo;\u00e9cosyst\u00e8me des industries cr\u00e9atives (art, design, mode, cin\u00e9ma, jeux num\u00e9riques, etc.) avec des repr\u00e9sentants de missions diplomatiques internationales et des leaders du monde des affaires. Est-ce un \u00e9v\u00e9nement ponctuel?Non, le...","protected":false},"author":1,"featured_media":0,"parent":0,"menu_order":0,"comment_status":"closed","ping_status":"closed","template":"","meta":{"footnotes":""},"class_list":["post-8588","page","type-page","status-publish","hentry"],"_links":{"self":[{"href":"https:\/\/ccifturkiye.org\/fr\/wp-json\/wp\/v2\/pages\/8588","targetHints":{"allow":["GET"]}}],"collection":[{"href":"https:\/\/ccifturkiye.org\/fr\/wp-json\/wp\/v2\/pages"}],"about":[{"href":"https:\/\/ccifturkiye.org\/fr\/wp-json\/wp\/v2\/types\/page"}],"author":[{"embeddable":true,"href":"https:\/\/ccifturkiye.org\/fr\/wp-json\/wp\/v2\/users\/1"}],"replies":[{"embeddable":true,"href":"https:\/\/ccifturkiye.org\/fr\/wp-json\/wp\/v2\/comments?post=8588"}],"version-history":[{"count":3,"href":"https:\/\/ccifturkiye.org\/fr\/wp-json\/wp\/v2\/pages\/8588\/revisions"}],"predecessor-version":[{"id":8591,"href":"https:\/\/ccifturkiye.org\/fr\/wp-json\/wp\/v2\/pages\/8588\/revisions\/8591"}],"wp:attachment":[{"href":"https:\/\/ccifturkiye.org\/fr\/wp-json\/wp\/v2\/media?parent=8588"}],"curies":[{"name":"wp","href":"https:\/\/api.w.org\/{rel}","templated":true}]}}

<section class="l-section wpb_row height_custom color_primary"><div class="l-section-h i-cf"><div class="g-cols vc_row via_grid cols_1 laptops-cols_inherit tablets-cols_inherit mobiles-cols_1 valign_top type_default stacking_default"><div class="wpb_column vc_column_container"><div class="vc_column-inner"><div class="w-tabs style_default switch_click accordion type_togglable has_scrolling remove_indents" style="--sections-title-size:18px"><div class="w-tabs-sections titles-align_none icon_chevron cpos_right"><div class="w-tabs-section" id="p162" itemscope itemprop="mainEntity" itemtype="https://schema.org/Question"><button class="w-tabs-section-header with_icon" aria-controls="content-p162" aria-expanded="false"><i class="fal fa-question-circle"></i><div class="w-tabs-section-title" itemprop="name">Qu&rsquo;est-ce que le Forum diplomatique des expressions culturelles et des industries créatives (CCIF)?</div><div class="w-tabs-section-control"></div></button><div  class="w-tabs-section-content" id="content-p162" itemscope itemprop="acceptedAnswer" itemtype="https://schema.org/Answer"><div class="w-tabs-section-content-h i-cf" itemprop="text"><div class="wpb_text_column"><div class="wpb_wrapper"><p>Le CCIF est une plateforme de dialogue stratégique et de collaboration qui réunit l&rsquo;écosystème des industries créatives (art, design, mode, cinéma, jeux numériques, etc.) avec des représentants de missions diplomatiques internationales et des leaders du monde des affaires.</p>
</div></div></div></div></div><div class="w-tabs-section" id="faq2" itemscope itemprop="mainEntity" itemtype="https://schema.org/Question"><button class="w-tabs-section-header with_icon" aria-controls="content-faq2" aria-expanded="false"><i class="fal fa-question-circle"></i><div class="w-tabs-section-title" itemprop="name">Est-ce un événement ponctuel?</div><div class="w-tabs-section-control"></div></button><div  class="w-tabs-section-content" id="content-faq2" itemscope itemprop="acceptedAnswer" itemtype="https://schema.org/Answer"><div class="w-tabs-section-content-h i-cf" itemprop="text"><div class="wpb_text_column"><div class="wpb_wrapper"><p>Non, le CCIF a été conçu comme une plateforme durable qui se tiendra chaque année. Chaque rencontre annuelle sera un maillon qui concrétisera cette vision.</p>
</div></div></div></div></div><div class="w-tabs-section" id="faq3" itemscope itemprop="mainEntity" itemtype="https://schema.org/Question"><button class="w-tabs-section-header with_icon" aria-controls="content-faq3" aria-expanded="false"><i class="fal fa-question-circle"></i><div class="w-tabs-section-title" itemprop="name">Quel sera exactement le format de l&rsquo;événement au Forum?</div><div class="w-tabs-section-control"></div></button><div  class="w-tabs-section-content" id="content-faq3" itemscope itemprop="acceptedAnswer" itemtype="https://schema.org/Answer"><div class="w-tabs-section-content-h i-cf" itemprop="text"><div class="wpb_text_column"><div class="wpb_wrapper"><p>Le CCIF se distingue des formats de conférence classiques. Il combine des événements de réseautage, un cocktail exclusif avec des rencontres B2G et B2B, et des expériences culturelles interactives et immersives qui inspirent les participants. Les panels de haut niveau et les séances de réseautage stratégique sont accompagnés d&rsquo;événements tels que des défilés de mode innovants où les créations sont exposées parmi les spectateurs, des performances en direct et des installations artistiques.</p>
</div></div></div></div></div><div class="w-tabs-section" id="faq4" itemscope itemprop="mainEntity" itemtype="https://schema.org/Question"><button class="w-tabs-section-header with_icon" aria-controls="content-faq4" aria-expanded="false"><i class="fal fa-question-circle"></i><div class="w-tabs-section-title" itemprop="name">Comment puis-je participer au Forum?</div><div class="w-tabs-section-control"></div></button><div  class="w-tabs-section-content" id="content-faq4" itemscope itemprop="acceptedAnswer" itemtype="https://schema.org/Answer"><div class="w-tabs-section-content-h i-cf" itemprop="text"><div class="wpb_text_column"><div class="wpb_wrapper"><p>La participation se fait sur invitation afin de préserver l&rsquo;orientation stratégique ciblée et l&rsquo;environnement de dialogue intime du Forum.</p>
</div></div></div></div></div><div class="w-tabs-section" id="faq5" itemscope itemprop="mainEntity" itemtype="https://schema.org/Question"><button class="w-tabs-section-header with_icon" aria-controls="content-faq5" aria-expanded="false"><i class="fal fa-question-circle"></i><div class="w-tabs-section-title" itemprop="name">Je ne suis pas invité, mais je souhaite participer au Forum. Que dois-je faire?</div><div class="w-tabs-section-control"></div></button><div  class="w-tabs-section-content" id="content-faq5" itemscope itemprop="acceptedAnswer" itemtype="https://schema.org/Answer"><div class="w-tabs-section-content-h i-cf" itemprop="text"><div class="wpb_text_column"><div class="wpb_wrapper"><p>Nous invitons les professionnels de la culture, les représentants d&rsquo;institutions et les entrepreneurs qui ont des projets en accord avec la mission du Forum et qui souhaitent y participer, à nous contacter via notre page de contact.</p>
</div></div></div></div></div><div class="w-tabs-section" id="faq6" itemscope itemprop="mainEntity" itemtype="https://schema.org/Question"><button class="w-tabs-section-header with_icon" aria-controls="content-faq6" aria-expanded="false"><i class="fal fa-question-circle"></i><div class="w-tabs-section-title" itemprop="name">Puis-je sponsoriser le Forum avec mon institution?</div><div class="w-tabs-section-control"></div></button><div  class="w-tabs-section-content" id="content-faq6" itemscope itemprop="acceptedAnswer" itemtype="https://schema.org/Answer"><div class="w-tabs-section-content-h i-cf" itemprop="text"><div class="wpb_text_column"><div class="wpb_wrapper"><p>Nous serions ravis de collaborer avec les institutions qui partagent la vision du Forum. Notre programme de parrainage officiel et ses conditions seront annoncés publiquement au début de l&rsquo;année 2026. Vous pouvez nous contacter pour des discussions préliminaires.</p>
</div></div></div></div></div><div class="w-tabs-section" id="faq7" itemscope itemprop="mainEntity" itemtype="https://schema.org/Question"><button class="w-tabs-section-header with_icon" aria-controls="content-faq7" aria-expanded="false"><i class="fal fa-question-circle"></i><div class="w-tabs-section-title" itemprop="name">En tant que professionnel du secteur créatif (artiste, designer, entrepreneur), qu&rsquo;est-ce que ma participation au Forum m&rsquo;apporte?</div><div class="w-tabs-section-control"></div></button><div  class="w-tabs-section-content" id="content-faq7" itemscope itemprop="acceptedAnswer" itemtype="https://schema.org/Answer"><div class="w-tabs-section-content-h i-cf" itemprop="text"><div class="wpb_text_column"><div class="wpb_wrapper"><p>Le Forum vous offre un accès direct aux représentants des missions diplomatiques et aux leaders du monde des affaires internationaux, qui sont normalement difficiles à atteindre, des opportunités de marché stratégiques pour exporter vos produits et services vers les marchés mondiaux, et la possibilité de gagner en prestige et en visibilité en présentant vos œuvres sur une scène de haut niveau.</p>
</div></div></div></div></div><div class="w-tabs-section" id="faq8" itemscope itemprop="mainEntity" itemtype="https://schema.org/Question"><button class="w-tabs-section-header with_icon" aria-controls="content-faq8" aria-expanded="false"><i class="fal fa-question-circle"></i><div class="w-tabs-section-title" itemprop="name">En tant que représentant d&rsquo;une mission diplomatique, pourquoi devrais-je y participer?</div><div class="w-tabs-section-control"></div></button><div  class="w-tabs-section-content" id="content-faq8" itemscope itemprop="acceptedAnswer" itemtype="https://schema.org/Answer"><div class="w-tabs-section-content-h i-cf" itemprop="text"><div class="wpb_text_column"><div class="wpb_wrapper"><p>Le Forum vous permet de découvrir en personne l&rsquo;économie créative dynamique de la Turquie, de trouver des partenaires potentiels pour des projets de collaboration culturelle entre votre pays et la Turquie, et d&rsquo;identifier de nouvelles opportunités commerciales pour les investisseurs de votre pays. C&rsquo;est une plateforme unique pour renforcer votre réseau de diplomatie culturelle.</p>
</div></div></div></div></div><div class="w-tabs-section" id="faq9" itemscope itemprop="mainEntity" itemtype="https://schema.org/Question"><button class="w-tabs-section-header with_icon" aria-controls="content-faq9" aria-expanded="false"><i class="fal fa-question-circle"></i><div class="w-tabs-section-title" itemprop="name">Quelle est l&rsquo;importance stratégique du Forum en tant que représentant d&rsquo;une institution publique?</div><div class="w-tabs-section-control"></div></button><div  class="w-tabs-section-content" id="content-faq9" itemscope itemprop="acceptedAnswer" itemtype="https://schema.org/Answer"><div class="w-tabs-section-content-h i-cf" itemprop="text"><div class="wpb_text_column"><div class="wpb_wrapper"><p>Le Forum sert directement les objectifs nationaux de la Turquie, tels que l&rsquo;augmentation des exportations culturelles, le renforcement de sa promotion internationale et l&rsquo;accroissement de sa capacité de « soft power ». De plus, il démontre par une action concrète l&rsquo;importance que la Turquie accorde à la diversité culturelle, conformément aux principes de la Convention de l&rsquo;UNESCO de 2005.</p>
</div></div></div></div></div></div></div></div></div></div></div></section>

Qu&rsquo;est-ce que le Forum diplomatique des expressions culturelles et des industries créatives (CCIF)?Le CCIF est une plateforme de dialogue stratégique et de collaboration qui réunit l&rsquo;écosystème des industries créatives (art, design, mode, cinéma, jeux numériques, etc.) avec des représentants de missions diplomatiques internationales et des leaders du monde des affaires. Est-ce un événement ponctuel?Non, le...
